).
0
Let s(k) = 2*k - 1. Suppose i - 4*d - 20 = d, -4 = i + d. Suppose 3*b + 21 = 3*m, i = b + 3*m - m + 10. Let x be 2/2*b/4. Calculate s(x).
-5
Let x(l) be the third derivative of l**5/15 + 8*l**2 - 4. Determine x(-1).
4
Let m(t) = -t**3 + 3*t**2 + 5*t + 6. Let v be 15/4*(-176)/(-132). Determine m(v).
-19
Let x(f) = -f**3 - 5*f + 3 + f - 8 + 6*f**2. Suppose 0 = -3*o - 0*o - k + 17, -4*o + 2*k = -16. Calculate x(o).
0
Let n(i) = 4 + i**2 - 4*i + 2*i**3 + 3*i - 3*i**3. Let g be 27/(-36) + ((-2)/8 - -1). Suppose -j - j + 5*j = g. Calculate n(j).
4
Let c(f) = -f**2 - 4*f + 3. Let k be (-27)/12*(-24)/(-9). Determine c(k).
-9
Let g = 78 - 30. Suppose b - g = -2*b. Let v(j) = 10 - b + j - 2. Determine v(4).
-4
Let j(y) = y**2 + 2*y - 3. Let k(u) = u**2 - 21*u - 50. Suppose 3*n + 89 = 4*f, -4*f + n + 85 = -6. Let v be k(f). Give j(v).
5
Let o(a) = 3*a**2 - a - 1. Let i be o(-1). Suppose 0 = -5*w + 2*y + 51, -i*y = 4*w - 28 - 22. Let p(r) = -1 - w*r**2 - 11*r**2 - 3*r + r + 14*r**2. Give p(-1).
-7
Let u = 117 - 117. Suppose 2*o = -0*o + 4. Let t(c) = 7 + c**3 - 2*c**3 - 1 + c**o. Calculate t(u).
6
Let a(l) = 12 - 9*l**2 - 14*l**2 - 11*l + 24*l**2. Determine a(9).
-6
Suppose -7 = v + 3*i, -5*v + i = -15 + 18. Let z(u) = 5*u**2 + 3*u + 3. Let y(r) = -3*r**2 - r - 1. Let m(b) = -5*y(b) - 2*z(b). Calculate m(v).
5
Let c(f) = -f**3. Let s(v) = -v**3 + v**2 - 9. Let g(q) = -4*c(q) + s(q). Let t(k) = -k**3 - k**2 + 4. Let z = 1 - 3. Let i(w) = z*g(w) - 5*t(w). What is i(2)?
2
Let h(v) = 2*v**2 - 3. Let l(g) = 5*g**2 - 7. Let f(a) = -7*h(a) + 3*l(a). Let r be f(-2). Let k(i) = i**2 - i. Give k(r).
12
Let b(o) = -143 + o**2 - 8*o + 286 - 136. Calculate b(5).
-8
Let c(q) = q**2 - q + 1. Let w be c(2). Let i(v) = w + v - 9*v + 6*v. What is i(6)?
-9
Let c(u) = 3*u + 7*u - 16*u - 18 + 4*u. Determine c(-14).
10
Let r(u) be the second derivative of -9*u**3/2 - 39*u. Determine r(1).
-27
Let t(s) = 5*s + 1. Let j = 14 + -13. Suppose -20 - j = -3*u - r, 0 = u - 5*r - 23. Suppose q - 16 = 2*q - 5*h, u = -5*q + h. Give t(q).
-4
Suppose -5 = -5*k + 15. Let v = -3 + k. Suppose -2*q + q + v = 0, -2*r = q + 1. Let o(f) = f. Determine o(r).
-1
Let z(p) = -107*p - 113*p + 218*p - 2 + 15. What is z(9)?
-5
Suppose -12*g = -4*g - 288. Suppose g = -4*u + 4*s, 5*s - s = 12. Let t(d) = 0*d + 5 + d + 2*d. What is t(u)?
-13
Let z(y) be the first derivative of -y - 46 - 1/2*y**2. Determine z(-7).
6
Let s(c) = -6*c**3 - 10*c**2 - 10. Let b(y) = -y**3 - y**2 - 1. Let f(i) = i**3 + 9*i**2 - i - 10. Let z be f(-9). Let u(w) = z*s(w) + 10*b(w). Calculate u(1).
-4
Let p(f) = -f + 3*f - 3 - 13*f + 7*f**2 - f**3 + 0*f**2 + 4*f. Let v be (-36)/(-3)*(-1)/(-2). What is p(v)?
-9
Let n(a) = 15*a - 7. Let z(m) = -2*m. Let q(l) = -n(l) - 6*z(l). Calculate q(5).
-8
Let m(y) = 2*y**2 - y. Let d(w) = 7*w**2 - 11*w - 10. Let c(v) = d(v) - 4*m(v). What is c(-7)?
-10
Let f = -6 - -6. Let y(a) be the first derivative of 9*a + 0*a**2 + 1/3*a**3 + 2 - 1/4*a**4. Calculate y(f).
9
Let u(q) = q**3 - q**2 - 2*q + 3. Suppose -29*a - 30 = -44*a. What is u(a)?
3
Let z = 34 + -32. Let l(w) = -6 + 4 - 2*w + z - 1. Determine l(1).
-3
Let d = 14 - 8. Suppose -4*v = d - 2. Let u(m) = -11*m - 10*m + 6*m. Give u(v).
15
Let f(y) be the second derivative of y**5/20 + y**4/6 - y**3/6 - 5*y**2/2 + 17*y + 3. What is f(0)?
-5
Let a be (-21)/(-3) + (9 - 11). Let q be (-144)/(-60) - 2/a. Let t(s) = 2*s**2 - 1. Calculate t(q).
7
Let r = 2 - -3. Suppose -3*m = r*a, -m = -0*m. Suppose a = 2*n + 2 - 12. Let d(w) = w**3 - 4*w**2 - 7*w + 3. Determine d(n).
-7
Suppose -4*o + 13 - 5 = 0. Let i(a) = 0*a**2 + 3*a - 7 - a**o - 10*a. Let h(z) = 43*z - 479. Let j be h(11). Calculate i(j).
-1
Let s be (10/(-12))/(2/(-12)). Let q be (2 - s) + (0 - -2). Let t(k) = 16*k**2 - k - 6. Let r(a) = -15*a**2 + a + 5. Let u(w) = -5*r(w) - 4*t(w). What is u(q)?
11
Suppose -20 = -4*c - 4*s, 0*c + s + 3 = c. Suppose -6*r + 7*r + c = 0, 3*r + 24 = 3*g. Let d(l) = l**3 - 3*l**2 + 2*l - 6. What is d(g)?
18
Suppose -22 = 4*f - 2*i, 3*f + 20 = -2*f + i. Let m(b) = 2*b + 11*b + 2 - 12*b. Determine m(f).
-1
Let q be (-213)/2*50/75. Let g = q + 67. Let w(l) = 2*l**2 + 6*l. What is w(g)?
8
Suppose q - 3*d - 4 = -4*d, -6 = -5*q + 2*d. Let m(u) be the third derivative of u**5/60 + u**3/6 + 548*u**2. What is m(q)?
5
Let d(p) = p**3 - 8*p**2 + p - 8. Let b be -3 + 2 - (-7)/(49/63). Determine d(b).
0
Let y(t) = -t**3 + 6*t**2 - 3*t - 7. Let u = 17 - 23. Let m be -3*(u/9 + 0). Suppose -5*s + m*s + 15 = 0. Determine y(s).
3
Let o(h) = h**3 + 3*h**2 + 4. Let x(n) = -n**3 + 4*n**2 - 2*n + 2. Let l be x(3). Suppose -13 = m + l*b, -1 = 2*m - 3*m + 2*b. Determine o(m).
4
Suppose 5*u - 4*u - 11 = -2*m, -2*m + 8 = -2*u. Suppose -3 = -3*y + 2*y. Let f(v) = -y*v - 1 + 6 - 5. Determine f(u).
-3
Let s(f) = f**2 + 10*f - 334. Let x be s(14). Let r(k) = -5*k**3 + 2*k**2 - 2*k + 4. Give r(x).
-32
Suppose -5*f = -3*f - b + 14, 0 = -4*f + 4*b - 32. Let a(q) = -q - 6. Calculate a(f).
0
Let v(m) = -3*m**2 + 5*m + 7. Let u = 195 - 199. Let o(f) be the first derivative of 2*f**3/3 - 5*f**2/2 - 6*f + 1. Let g(c) = u*o(c) - 3*v(c). Calculate g(-3).
-3
Let p(h) = h**3 - 17*h**2 + 18*h - 19. Let y(c) = -c + 34. Let x be y(18). Determine p(x).
13
Let q(x) = x**2 - 2*x + 2. Suppose 31 = 4*r + 23. What is q(r)?
2
Let d(b) be the second derivative of -9*b**5/20 + b**4/3 - b**3/2 - 2*b**2 + 6*b. Let u(x) = -x**3 + x**2 - x - 1. Let i(w) = -d(w) + 6*u(w). Calculate i(-2).
-12
Let u(i) = 3*i - 5. Let r(m) = -3*m + 6. Let o(v) = 6*r(v) + 7*u(v). Let l(q) = 16*q + 6. Let b(k) = 2*l(k) - 11*o(k). What is b(-3)?
4
Let z = -3210 + 3203. Let h(o) be the third derivative of -1/12*o**4 - 3/2*o**3 + 0 + o**2 + 0*o. What is h(z)?
5
Let l(c) = -2*c + 1. Suppose 3*v + 3*i - 261 = -0*v, -3*i = -2*v + 199. Let k = 89 - v. What is l(k)?
7
Let u(d) = d**3 - 21*d**2 - 3*d + 61. Let r be u(21). Let x(a) = -4*a**2 + a - 1. Give x(r).
-19
Let h(v) = 2*v**3 - 8*v**2 - 2*v + 4. Suppose 20 = -5*b, 19*b - 22*b = 4*j - 4. Determine h(j).
-4
Let q(p) = 4*p**3 - 2*p**2 + 3*p - 1. Let y(w) = w**3 + w - 1. Let t(h) = q(h) - 3*y(h). Suppose 3*b + 5*b = 32. Let z = b - 2. What is t(z)?
2
Let n(h) = h**2 + 2*h - 1. Let x be n(-2). Let r(j) = -6*j - 2. Let o(w) = -19*w - 6. Let k(d) = -o(d) + 3*r(d). Give k(x).
-1
Let j(v) = -1 + v + 5*v**3 - 3*v**3 + 3*v**3 + 3*v - 6*v**3. Give j(-3).
14
Let v(j) = 2*j**3 - 17*j**2 + 5*j - 7. Let m(x) = -x**3 + 8*x**2 - 2*x + 3. Let f be 185/(-20) + 2/8. Let t(a) = f*m(a) - 4*v(a). Determine t(5).
16
Let y(h) = -h**2 - 93*h + 293. Let w be y(3). Let r(b) be the third derivative of -b**5/60 + b**4/4 + b**3/6 - b**2. Calculate r(w).
6
Suppose 2*u = -6, -h + u + 13 = 4*h. Let x(v) = 1 - 3*v**3 + v**2 - 3*v**3 + 5*v**3 - 5*v**h. Suppose -2*s + 4*p = 20, 2*s + 3*p - 7 = -2*p. What is x(s)?
1
Let a(j) = j**2 + 6*j - 72. Let v be a(-12). Let u(t) be the second derivative of v - 1/2*t**2 - 11/6*t**3 + 7*t. Calculate u(-1).
10
Let u be (-33)/(-77) - (-3)/(-7). Let x(o) = u*o - o**3 + 122 - 4*o - 120 - 6*o**2. What is x(-4)?
-14
Suppose 3*w - 15 = -3*i, -4*w + i - 20 = -8*w. Let y(b) = b**2 + 3 + 2*b - b + w*b + 0*b. Suppose -9 = 2*q + 3. What is y(q)?
3
Let s(m) = -m**3 - 5*m**2 - 3*m - 2. Let t(u) = -u**3 - 4*u**2 - 3*u - 1. Let i(d) = -4*s(d) + 5*t(d). Give i(2).
-11
Let y(h) = -h**3 - 7*h**2 + 6*h - 10. Let i be y(-8). Suppose -3*g + 4*d = -i*g + 13, d = g - 16. Let t = g - 17. Let j(k) = k**2 + 7*k + 6. Calculate j(t).
0
Let p be (-12)/(-3) + (-10)/5. Suppose -p*i = -6*i + 5*s + 9, -21 = -i - 5*s. Let v(b) = b**3 - 6*b**2 + 2*b - 2. What is v(i)?
10
Let w(b) = 2*b**3 + 5*b**2 - 13*b + 3. Let x(a) = a**3 + 6*a**2 - a - 1. Let h(g) = w(g) - 3*x(g). Calculate h(-12).
-18
Let z(a) = 3 - 26*a + 15*a - 4 + 13*a. Let q be (-2)/(-5) - 4/10. Suppose -5*b + q*b + 42 = -3*x, -4 = x. Give z(b).
11
Let h(a) = -a**3 + 10*a**2 + 2. Suppose -3*n + 8 = 2*i, 10 = -3*i + 6*i + 5*n. Let m be h(i). Let c(f) = -2*f. Calculate c(m).
-4
Suppose -6*n = -2 + 8. Let y(v) = -6*v + 6. Let t(o) = -1. Let b(z) = n*y(z) - 5*t(z). Give b(-1).
-7
Let g = -337 + 330. Let u(c) = c**2 + 10*c + 8. Calculate u(g).
-13
Let s(q) = -q**2 + 5*q + 8. Let w(g) = -1 + 1 - 2 + 3 + g. Let y be w(5). Give s(y).
2
Let u = 0 - -4. Let q(w) = -w**2 + 4